) + -3. Suppose -4*a = -k*a - 164. Calculate the remainder when a is divided by p(2).
11
Let u = -4189 - -4231. Let g(n) = n**2 + n + 15. Let k be g(0). Let t = 30 - k. What is the remainder when u is divided by t?
12
Suppose 0 = 20*h - 15*h - 25, 96 = 3*i - 3*h. Calculate the remainder when 146 is divided by i.
35
Suppose -374 = 20*k - 31*k. Suppose -x + 50 = -0*d + 2*d, k = 2*d + 5*x. Calculate the remainder when 53 is divided by d.
26
Let c(q) = -12*q - 49. What is the remainder when c(-70) is divided by 17?
9
What is the remainder when -66*9/((-252)/742) is divided by 146?
143
Let i be 6*((-2 - -2) + 2). Let x = -4 + i. What is the remainder when 1 + (-4)/(x/6) + 77 is divided by 22?
9
Suppose -y - 1764 = 2*s + 2*y, 4*s + 3542 = y. Let t = 96 + -54. Calculate the remainder when t is divided by (s/(-12))/5 + 1/4.
12
Suppose r + 5*d = 2 - 3, -d = 5. Let i(q) = 2*q**3 - 35*q**2 + 25*q - 118. Let h be i(17). Let c = r - h. Calculate the remainder when 59 is divided by c.
5
Suppose 3151*y - 4056 = 3139*y. What is the remainder when y is divided by 17?
15
Suppose 5*p = 2 + 3. What is the remainder when -2 + (2 - (p - 80)) is divided by 4*(1625/26 + -60)?
9
Suppose 0 = -11*b + 8*b - 3, 0 = m - b - 12. Let u(h) = h**3 - 12*h**2 + 15*h - 27. What is the remainder when u(m) is divided by 5?
2
Let b(u) = -u**3 - 6*u**2 - 6*u - 6. Let k(l) = -188*l + 3877. Calculate the remainder when k(20) is divided by b(-6).
27
Suppose -2 = -2*p - 4*s, 6*p - 9*p = -3*s - 12. Suppose -p*o = g - 51 - 26, 0 = -2*o - 3*g + 49. What is the remainder when 75 is divided by o?
23
Suppose 268*k - 281*k + 2275 = 0. Calculate the remainder when 198 is divided by k.
23
Let b(d) = -4*d**3 - 3*d**2 + d + 14. Suppose -5*k + 71 = -4*q, 7 = -3*q - 5. Calculate the remainder when b(-4) is divided by k.
9
Suppose 0*a - 27 = -a + 2*r, 3*a - 81 = 5*r. Let p(s) = -3*s - a + 0*s + 3*s**2 + s. What is the remainder when 115 is divided by p(-4)?
28
Suppose 2*j - 3*k + 1247 = 0, 5*k = 7*k + 2. Let d = j + 694. What is the remainder when 272 is divided by d?
65
Calculate the remainder when 62/6 - (-2)/(-6) is divided by ((-2)/4*-2)/((-96)/(-672)).
3
Let y = -19 - 51. Let i(c) = -59*c**3 - 6*c**2 + 6*c - 1. Let m be i(1). Let n = m - y. Calculate the remainder when 38 is divided by n.
8
Suppose -5*b + 15 = 0, -4*u + 132*b - 131*b = -17. Suppose -4*l - 9 = 2*s + 15, 5*l = 3*s - 8. What is the remainder when ((-6)/1)/(3/l) is divided by u?
3
Suppose 2*a - 2*l = -5*l + 69, a = 3*l + 12. Suppose 0 = a*v - v - 4004. Calculate the remainder when v is divided by 31.
30
Let f be -4 + 4 - -5 - (-490)/7. Suppose f*g - 73*g = 24. Calculate the remainder when 34 is divided by g.
10
Calculate the remainder when 2875 is divided by (-12)/((-657)/36 + 18).
43
Let w = -191 + 189. Calculate the remainder when 28224/266 + 0 + w/19 is divided by 56.
50
Let v be (-4)/(-3) + 3 + (-21)/9. Suppose v*x = 220 + 118. Suppose -9*h + 119 + x = 0. What is the remainder when h is divided by 11?
10
Let y = -134 - -153. Suppose 4*v - 6*v = -32. What is the remainder when (4/6)/(v/1752) is divided by y?
16
Let h = -85 - -361. Suppose -h = -5*m + 2*a + a, 0 = 2*a + 4. What is the remainder when 267 is divided by m?
51
Suppose -2*w + 4*d = -13506, -2*w - 4*d = -18615 + 5149. What is the remainder when w is divided by 4?
3
Let n(t) = 0*t**3 + 2*t + 2 + 0*t**3 - 3*t**2 - t**3. Calculate the remainder when n(-6) is divided by -70 - -91 - (8/(-6))/(4/12).
23
Let r be (1/(-3))/(20/60). What is the remainder when 65 is divided by (-137)/4*r - 42/(-56)?
30
Let j = -9507 - -9528. Calculate the remainder when 106 is divided by j.
1
Let n(h) = 163*h - 904. Calculate the remainder when 157 is divided by n(6).
9
Let z = 3624 + -3611. What is the remainder when 103 is divided by z?
12
Let z = -8230 + 9495. What is the remainder when z is divided by 106?
99
Calculate the remainder when 370 is divided by ((-44)/220 - (2 - 1/1))*-15.
10
Let t = -410 - -584. Suppose -t - 126 = -3*z. Let g = z + -22. What is the remainder when g is divided by 27?
24
Suppose 0*c - 2 = -c. Suppose -3*j - 2*x + 0*x = -669, j + c*x - 219 = 0. Let u = j + -132. Calculate the remainder when u is divided by 32.
29
Let z(y) = -y**3 + 47*y**2 + 212*y - 12. What is the remainder when z(51) is divided by 393?
3
Let v be 10/(-4)*(-5 - (-13)/5). Suppose -126 = u + v*u. Let i(b) = -b**2 - 16*b + 44. What is the remainder when 13 is divided by i(u)?
5
Let f(i) = -4*i + 12. Suppose 2*h + 5*b - 7*b = 0, 0 = 2*h - 4*b + 2. Calculate the remainder when 47 is divided by f(h).
7
Let x(t) = -2*t + 41. Suppose -y - 6 = -21. Suppose -a = -3*k - 11, y = 3*a - 5*k - 10. Calculate the remainder when x(11) is divided by a.
4
Calculate the remainder when (-1805)/(-5) + (-50 - -42) is divided by 176.
1
Suppose -3*r + 184 = 58. Suppose 2*t = -0*y - 5*y + 80, 64 = 4*y + 4*t. Suppose -y*f + 27*f - 132 = 0. Calculate the remainder when r is divided by f.
6
Suppose -16 = -18*t + 10*t. Suppose y + 66 + 2 = 4*k, 3*y = t*k - 44. What is the remainder when k is divided by 5?
1
Suppose 2*w + 124 = j, w + 464 = 3*j + 87. What is the remainder when 188 is divided by j?
62
Let v = 19657 + -18026. What is the remainder when v is divided by 324?
11
Let u(v) = -97*v**2 - 592*v - 28. What is the remainder when ((-186)/4)/(2/(-4)) is divided by u(-6)?
29
Suppose 376*b = 380*b + 3*y + 2, 5*y = -4*b - 14. Calculate the remainder when 4241 is divided by b.
1
Let i(m) = m**3 + 7*m**2 + 8*m + 2. Suppose 2*u - 5*b + 25 = 0, 4*u + 12 = 4*b - 20. Calculate the remainder when 46 is divided by i(u).
10
Suppose -v = p - 123, -2*v - p - 2*p + 251 = 0. Calculate the remainder when 387 is divided by v.
33
Let c(f) be the first derivative of -f**4/4 + 16*f**3/3 - 19*f**2/2 + 44*f + 71. Calculate the remainder when c(13) is divided by 18.
16
Let h = 388 - 232. Let g = h - 106. Suppose u - 65 = -g. Calculate the remainder when 42 is divided by u.
12
Let f(a) = -233*a + 11. Calculate the remainder when 275 is divided by f(0).
0
Let m(a) = 6*a - 83. Let n = 186 + -162. Calculate the remainder when m(n) is divided by 34.
27
Let w = 8 - 8. Suppose h + 255 = 5*r, 5*r = -w*h - 3*h + 275. Calculate the remainder when r is divided by ((-1 - 1) + -6)*(-539)/196.
8
Let o(j) = 10*j**2 - 339*j - 5. Let f(k) = 1 + k + 3*k**2 + 4*k**2 - 3. What is the remainder when f(4) is divided by o(34)?
27
Let u = 851 - -229. What is the remainder when u is divided by 52?
40
Let d(m) = 31*m - 5 + 27*m + 19*m - 91*m + 25*m. Suppose -4*b + 9 = -3. Calculate the remainder when 166 is divided by d(b).
26
Suppose -25*v + 12466 + 1384 = 0. What is the remainder when v is divided by 35?
29
Let g = -37 + 40. Suppose 6*w - w = z + 11, -3*w + g*z + 9 = 0. Calculate the remainder when 44 is divided by (10/3)/(w/9).
14
Let z(n) = 2*n**3 - 11*n**2 - 63*n + 450. What is the remainder when 450 is divided by z(7)?
138
Let t(z) = -28*z + z**2 + 14 - 16 + 41. Let d be t(16). Let r = 25 - d. What is the remainder when r is divided by 46?
40
Suppose -2*u - 3*t + 21 = 0, -2*u + 4*t + 41 = 3*u. Let y = 458 + -63. Let z = -316 + y. What is the remainder when z is divided by u?
7
Let j = -29108 + 44745. Calculate the remainder when j is divided by 23.
20
Let k(f) = 3*f**2 + 37*f - 247. Suppose -3*q + 87 = 5*y - 3*y, -y - q = -43. What is the remainder when k(6) is divided by 7/y + (-131)/(-6)?
17
Calculate the remainder when 6/((((-2)/(-20))/1)/((-1768)/(-780))) is divided by 57.
22
Suppose 314*s = 317*s - 4*l - 31, -3*s + 32 = -5*l. Calculate the remainder when 2301 is divided by s.
6
Let d = -6 + 9. Suppose -9*h - 9*h + 14*h + 440 = 0. Suppose -5*b + 118 = 2*t, -2*t + 2*b - d*b = -h. Calculate the remainder when t is divided by 10.
4
Suppose 0 = -18*y - 5*y + 6*y. Suppose y = h - 3, -2*t + 23 = 2*h + 5. Calculate the remainder when 39 is divided by t.
3
Let z = -3 - -85. Let u(w) = -3*w + 1038. What is the remainder when u(244) is divided by z?
60
Suppose 0 = 2*m + 5*r - 208, 2*r + 274 = 8*m - 5*m. What is the remainder when 479 is divided by m?
9
Let q(s) = 2*s**2 - s - 7. Let f(z) = -2*z**2 + 3*z + 7. Let j(n) = 2*f(n) + 3*q(n). What is the remainder when 35 is divided by j(-4)?
9
Suppose -49 = 3*x - 70. What is the remainder when 27 is divided by ((-31)/x - -1)/(18